. What is the tens digit of s?
1
Suppose -7*d = 4*w - 3*d - 48, -3*w + 2*d + 21 = 0. What is the units digit of w?
9
Suppose u - 15 = -2*u. Suppose -y - 3*w = -50, 5 = 2*w - u. What is the units digit of y?
5
Let t(m) = 15*m**3 + m**2 - 2*m + 1. Suppose -4*f - 5 = -3*f. Let n = f + 6. What is the units digit of t(n)?
5
Let r(v) = 5*v**2 - 2*v**2 + v + 3*v**2 - 4*v**2. Suppose -5*h + 16 = 5*w + 1, -2*h - 3*w = -10. What is the units digit of r(h)?
1
Let i(t) = -21 + 6*t - t**2 - 20*t + 30 - 20. What is the units digit of i(-9)?
4
Let s(z) = 17*z**3 - z**2 - 2*z - 2. Let p be s(-1). What is the tens digit of (-6)/p*(-333)/(-3)?
3
Let g(r) = -r**2 - 1. Let o be g(1). What is the units digit of o/(-7) + (-24)/(-14)?
2
Let r(l) be the second derivative of l**3/6 + 6*l**2 - 5*l. Let p(j) = -j**3 - 2*j + 2. Let y be p(2). What is the units digit of r(y)?
2
Let s be (2 + 1)/((-1)/(-8)). What is the units digit of ((-12)/s)/((-1)/2)?
1
Let h(t) = t + 17. Let u be h(8). Let g(p) = 4*p + 1. Let w be g(-4). Let c = u + w. What is the units digit of c?
0
Suppose -2*w - 5 = -w. What is the units digit of 69/5 - 1/w?
4
Let r = 659 - 428. What is the hundreds digit of r?
2
What is the units digit of -181*1/(1 + -2)?
1
Let v be 828/8*4/6. Let f = v + -46. What is the tens digit of f?
2
Suppose -4*z - 5*k = -0*k - 207, 5 = -k. What is the units digit of z?
8
Let f(t) = t**2 + 5*t + 5. Let w be f(-5). Suppose -w*n + 3*h = -2*h - 140, h - 158 = -5*n. What is the tens digit of n?
3
Let p(q) = 3*q - 4*q**2 + 4 - 2*q + 5*q**2. Let t be p(4). What is the units digit of (-1*2)/((-6)/t)?
8
Suppose 87 + 51 = 3*d. What is the units digit of d?
6
Let r = 2 - -1. Suppose r = 3*x - 9. What is the units digit of x?
4
Let w be (10/3)/(1/9). What is the tens digit of -1 + w + (-1 - -1)?
2
Let v be 6/4 - (-1)/(-2). Let j(q) = -q - 2. Let d be j(-6). Suppose -d*n + 19 = -v. What is the units digit of n?
5
Let v(w) = -w + 13. Let o be v(9). What is the units digit of 22 + 1*8/o?
4
Let b(l) = l**2 - 4*l + 18. Let w(d) = -d**2 + 3*d - 18. Let r(u) = -4*b(u) - 5*w(u). Let q be r(0). Let n = 26 - q. What is the units digit of n?
8
Suppose -d - s + 1 = 0, d + s - 3 = 2*s. Let j = 5 + d. What is the units digit of j?
7
Let v = 268 + 56. What is the hundreds digit of v?
3
Let c be -1 + 2 + 0 + 12. Let f(k) = -4 + c + 3*k - 4*k. What is the units digit of f(7)?
2
Let z = 4 + -2. Suppose -z*y = -5*y + 9. What is the units digit of (2 + 1)/3*y?
3
Let o(m) = m**3 - 8*m**2 - m + 10. Let q be o(8). What is the tens digit of (10/(-4))/(q/(-8))?
1
Let u(b) = -b + 10. Let t be u(8). What is the tens digit of 10 + (-2 - (-4 + t))?
1
Suppose -1340 = -8*y - 324. What is the hundreds digit of y?
1
Let b be 2/(1 + -3 + 3). Let w be b/(-8) + (-595)/(-28). Suppose w + 43 = 4*a. What is the tens digit of a?
1
Let c be (51/9)/(2/6). Let b = c - 11. What is the units digit of b?
6
Suppose 3*c - 5*s = 35, -2*c - 11 + 41 = -5*s. Let v be c/(-10) - (-14)/4. What is the units digit of (57/3 - v) + 2?
8
Let s(l) = l**2 + 2*l + 86. What is the units digit of s(0)?
6
Let x(g) = -5*g**3 + 2*g**2 - 1. Let q be x(-1). Let m be (-23)/(-5) - q/10. Suppose -3*k + 5*d = -m, -5*k - 2*d - 2*d = -56. What is the units digit of k?
8
Let c(d) be the third derivative of d**4/8 - 2*d**3/3 + 2*d**2. Suppose -3*m + 6 = -2*v, v + 22 - 5 = 5*m. What is the units digit of c(m)?
8
Let k = 42 - 11. What is the tens digit of k?
3
Let p = 12 + 14. What is the units digit of p?
6
Suppose -2*d - 25 = -7*d. Suppose -4*a + a + 17 = 5*c, 21 = c + d*a. What is the units digit of c?
1
Let o = -78 + 134. What is the tens digit of o?
5
Let w(a) = a**3 - 5*a**2 - 12*a + 12. What is the tens digit of w(7)?
2
Suppose 61 = 2*k - 45. What is the tens digit of k?
5
Let v = -2 - -8. Let c(b) = -b**3 + 7*b**2 - 5*b - 2. Let r be c(v). Let n = 17 - r. What is the tens digit of n?
1
Let u(z) = -2*z - 12. Let n be u(-8). Suppose -n*w + 185 = 3*k, -8 - 206 = -5*w + 2*k. Suppose 0*x = -4*x + w. What is the units digit of x?
1
Let n = 29 + 96. What is the hundreds digit of n?
1
Let m(y) be the third derivative of y**6/120 + 7*y**5/60 + 5*y**4/24 + 2*y**3/3 - 5*y**2. What is the tens digit of m(-5)?
2
Let f(s) = -6 - 4 - 2*s + 1. Let g be f(-8). What is the units digit of g + -1 - 4/(-2)?
8
Let w(n) = 3*n**3 - n**2 + 2*n - 1. Let u be w(1). Suppose u*i = 21 + 21. What is the units digit of i?
4
Suppose -9 = -3*y - 2*h, -5*h + 15 = 5*y - 0. What is the units digit of -2*y/(-6) + 5?
6
Suppose 0 = 4*n - 9*n + 175. What is the units digit of n?
5
Suppose -h + 96 = 2*h. What is the units digit of h?
2
Suppose 0 = n - 0*n + 5, -2*q + 23 = -3*n. Suppose m + 2*m + 9 = 0. What is the units digit of ((-6)/4)/(m/q)?
2
Suppose -364 = 6*d - 10*d. What is the tens digit of d?
9
Suppose -2*x = x - 18. What is the tens digit of 22 + (x - 3 - 0)?
2
Let c(h) = 23*h + 5. What is the tens digit of c(3)?
7
Suppose -3*r - 2*q = -190, -3*r + 4*q = -4*r + 80. What is the tens digit of r?
6
Suppose 59 = 3*u - 82. What is the units digit of u?
7
Let c(l) = l**2 - 4*l - 3. Let s be c(5). What is the units digit of (18 - 3 - -1)*s?
2
Let n(v) = -v - 3. Let t be n(-8). Suppose 0 = t*d + 5 - 55. What is the units digit of 15/6*12/d?
3
Suppose 0 = g - 5*g + 4*f - 16, 2*g - 5*f + 23 = 0. Let h be 21 + 2 + (g - 2). Let x = -13 + h. What is the units digit of x?
9
Let o(p) = -p**3 + 7*p**2 - 6. Let t(j) = j + 16. Let n be t(-9). Let s be o(n). What is the units digit of 19 + 3 + s/2?
9
Let n be 13/4 - 7/28. Suppose 3*r - 88 = -r + n*f, 3*r + 4*f - 41 = 0. Let z = r + -7. What is the units digit of z?
2
Let k = -37 - -53. Let v = 56 - k. Suppose 2*j + v = 6*j. What is the tens digit of j?
1
Suppose -2*c - 2*c = 0. Suppose -71 = -4*u + 5*f, -2*u + c*u = -2*f - 36. What is the tens digit of u?
1
Let w = 122 - -160. What is the hundreds digit of w?
2
Let h(r) = 10*r**2 + 6*r - 3. What is the units digit of h(3)?
5
Let z be 15 - 3/(2/(-2)). Let s = 28 - z. What is the tens digit of s?
1
Let w(s) = s + 13. Let f(u) = 2*u + 39. Let o(k) = -6*f(k) + 17*w(k). What is the units digit of o(8)?
7
Suppose 3*z = 5*z - 8. Let h = z - 0. Suppose -4*n = -h*f - 12, 5*n - 35 + 12 = f. What is the units digit of n?
5
Let o(s) = s**3 + 6*s**2 + s + 5. Let d be o(-6). What is the units digit of 2/1 - -9 - d?
2
Suppose -i - 4 = 0, 4*n - i - 349 = 323. What is the hundreds digit of n?
1
Let k(c) = -c - 8. Suppose 5*j = -2*m - 43, -5*j + 2*j = 3*m + 42. What is the units digit of k(m)?
1
Let y be 2/3 + 1208/24. Suppose 4*z - y = 2*p + 45, p = -z + 24. What is the tens digit of z?
2
Suppose -24 = -3*n + 3*v, 3*n - n - v = 14. Let b be (2 - -4)*2/n. What is the units digit of ((-8)/6)/(b/(-6))?
4
Let p(a) = a**3 + a**2 + 7*a - 5. Let q be p(4). Suppose -w - 5*m = 8, 5*w + 31 = 3*m + q. What is the units digit of w?
2
Let z = -2 + 4. Suppose z*p + p - 27 = 0. What is the units digit of p?
9
Suppose -2*p - 10 + 100 = 0. What is the units digit of p?
5
Suppose -4*k - 17*k = -1197. What is the tens digit of k?
5
Suppose 3*r - 5*n = -16, -2*r - 4*n + 2 + 2 = 0. Let w = 9 - r. What is the tens digit of w?
1
Let w be ((-20)/(-16))/((-3)/(-12)). Let j be (-428)/(-12) + (-2)/3. Suppose w*t + 2*i - j = -2*i, -t = -2*i - 7. What is the units digit of t?
7
Let w = 160 - 99. What is the tens digit of w?
6
Let n = 83 + -19. What is the tens digit of n?
6
Suppose 5*i - 39 = 81. What is the units digit of i?
4
Let z be 14/49 + 80/14. Suppose w - z*w = -50. What is the units digit of w?
0
Suppose 0 = 3*b + 39 - 99. What is the units digit of b*(10/(-4))/(-5)?
0
Let d(l) = 2*l + 4. What is the tens digit of d(6)?
1
Let r be 11 + 2 + -4 + 4. Let n(t) = 2*t + 1. What is the units digit of n(r)?
7
What is the units digit of 2*(324/8 + 5)?
1
Suppose 2*x + 0*x + 16 = 2*j, 0 = -5*x + 4*j - 40. Suppose 5*h + 25 = 75. Let y = h + x. What is the units digit of y?
2
Let z be (1 - 3) + 32/4. Let w = z - -7. What is the tens digit of w?
1
Let p(f) = 28*f**2. What is the tens digit of p(1)?
2
Suppose -2*d + h = 6 - 2, 5*h = 5*d. Let c be (-18)/15*40/(-6). Let v = c + d. What is the units digit of v?
4
Let x = -11 + 16. Suppose 2*r - 3 = 3, -b - 8 = -x*r. What is the units digit of b?
7
Let f(n) = -3*n**3 - 9*n**2 - 7*n + 1. What is the tens di